e 5*v + i = 3*q, 2*v + 2*v - 20 = -5*q. What are the prime factors of k(v)?
7
Suppose 18*v = -2877 + 11445. What are the prime factors of v?
2, 7, 17
Suppose -k - 2 = -0*k. Let w be ((-1054)/51)/(k/6). What are the prime factors of w/6 + 13/(-39)?
2, 5
Let r(w) = 5*w + 58. Let h be r(-11). List the prime factors of h*(-1)/3*-125.
5
Suppose 0 = -15*m + 20*m - 15. What are the prime factors of (1803/63 + 6/(-21))*m?
5, 17
Suppose -5*v - 29 = -4*v. List the prime factors of (v + 1)*4/(-2).
2, 7
Suppose 3*x + 15 + 9 = 0. Let p(o) = -13*o**2 - 3*o - 9*o - o**3 - 9 + 4*o**2. What are the prime factors of p(x)?
23
Let s be (-6)/8 - (-57)/12. Suppose 4*q - 4*z - 3 = -z, z - 15 = -s*q. Suppose q*k + k = 132. What are the prime factors of k?
3, 11
Suppose 596 = 5*l - j, 6*l - l - 3*j = 588. Let m be (48/40)/((-3)/(-10)*1). Suppose f + l = m*f. What are the prime factors of f?
2, 5
Let d be 1*(-2)/(-6)*564. Let l = d - 56. List the prime factors of l.
2, 3, 11
Let y be (0 - 0)/(-6 + 5). Suppose -z - 72 = -y*z + 3*f, z + 72 = 5*f. Let j = z - -102. List the prime factors of j.
2, 3, 5
Suppose 122372 = 48*r + 34964. List the prime factors of r.
3, 607
Suppose -2*k + 5 - 19 = 0. Let z(l) = 15 - 1 + l - 3*l. List the prime factors of z(k).
2, 7
Suppose 1073 = 22*l - 3503. What are the prime factors of l?
2, 13
Let s = 1398 + -1115. What are the prime factors of s?
283
Let c = -598 + 2157. What are the prime factors of c?
1559
Let q = -128 - -522. Suppose 2*h - 4*g = q - 24, -5*g + 895 = 5*h. What are the prime factors of h?
181
Let k = 8 + -13. Let g be k/(-10) - (-7)/2. Let y(w) = -w**3 + 6*w**2 - 3*w + 3. List the prime factors of y(g).
23
What are the prime factors of (-67783)/(-23) - (-22)/(-253)?
7, 421
Let n be ((-1)/3)/((-4)/24). Suppose 3*l - 5*r + 1 = 6, -n*r = -l + 2. Suppose l = 4*u - 3*u + 2*t - 59, -t - 44 = -u. List the prime factors of u.
7
Let h(x) be the third derivative of -x**4/12 - x**3/3 + x**2. Let w be h(-3). Suppose 8*y - 12 = -w*d + 4*y, 5*y = 2*d - 13. List the prime factors of d.
2
Let u(p) = p**3 + 8*p**2 - 18*p - 12. Let k be u(-10). Let r = -24 - k. List the prime factors of 114/r - (-3)/(-12).
2, 7
Let b(x) = x**2 + 7*x - 9. Let n be 53/(-7) + (-6)/14. Let a be b(n). What are the prime factors of 2/a*(1 - 4)?
2, 3
Suppose 5*n = -z - 192 + 1093, 2649 = 3*z - 3*n. List the prime factors of z.
2, 443
Let z(x) = -x**3 - 2*x**2 + x + 4. Suppose 9 = -2*c - 1. Let o be (6 + 4)*2/c. What are the prime factors of z(o)?
2
Let m(r) be the second derivative of -r**4/12 - r**3/3 + 13*r**2/2 - 12*r. Let i be m(0). Let p = 34 + i. What are the prime factors of p?
47
Let y = 147 + -82. What are the prime factors of (-13)/(y/(-222)) + (-6)/(-10)?
3, 5
Suppose -237 + 67 = -10*q. List the prime factors of q.
17
Suppose 5*j - l - 6363 = -1219, 3*j + 3*l = 3090. List the prime factors of j.
3, 7
List the prime factors of (-46 + 44)/(2*1/(-293)).
293
Suppose -10*u + 46368 = 14*u. What are the prime factors of u?
2, 3, 7, 23
Suppose 5*a - 3*l = 154, -2*a - 13 + 80 = -3*l. Suppose 143 = 4*r + 131. Suppose 0 = -r*y + 13 + a. What are the prime factors of y?
2, 7
Let b(n) = 9*n**2 + 5*n + 2. Suppose -3 = -2*s + 5*l + 14, -4*s - 4*l - 36 = 0. What are the prime factors of b(s)?
2, 3, 7
Suppose -n - c + 98 + 424 = 0, 3*n - 5*c = 1558. List the prime factors of n.
521
Let j be 10/40 - 27/(-4). Suppose -2*m + 122 = 2*l - j*m, -5*l = -4*m - 322. List the prime factors of l.
2, 3, 11
What are the prime factors of (117/(-78))/((-2)/752)?
2, 3, 47
Suppose i = -2*i + 9. Suppose i*z + w - 3 = 6, -5*w + 9 = -3*z. List the prime factors of 33 + z + (3 - 4).
2, 17
Let r be (-1 - (-1)/1) + 46. Let x be (-765)/18*16/20. Let p = r - x. What are the prime factors of p?
2, 5
Suppose -t - 4 = s - 3*t, -5*t + 10 = 0. Let c(v) = -20 + 22 + v**2 - v**3 + 26. List the prime factors of c(s).
2, 7
Let r(l) = -906*l + 129. List the prime factors of r(-5).
3, 1553
Let n be (-6)/27 + (-260)/(-36). Suppose n*k + 345 = 1472. What are the prime factors of k?
7, 23
Let m be (-33)/6 + (-3)/6. Let i(g) = -g**2 + g - 10. Let o(w) = -4*w**2 + 2*w - 31. Let u(j) = 7*i(j) - 2*o(j). List the prime factors of u(m).
2, 5
Suppose 5*a + 21156 - 5921 = 5*z, 6084 = 2*z + 3*a. List the prime factors of z.
3, 5, 7, 29
Suppose -2*n = 2, 4*m - 2*n - 2*n = 16. Suppose -m*c + 7*c - 704 = 0. Suppose -w = 3*w - c. What are the prime factors of w?
2, 11
Suppose 2*r - r - 121 = 0. Suppose r = 3*b + 40. Let v = 64 - b. What are the prime factors of v?
37
Suppose -1161 = -6*m - 93. List the prime factors of m.
2, 89
Suppose 52575 = 74*f - 57611. What are the prime factors of f?
1489
Suppose 0 = 4*q - 256 - 192. What are the prime factors of q?
2, 7
Let k = 49 - 44. Suppose k*b + 20 = 0, t + b = -0*b + 275. What are the prime factors of t?
3, 31
Suppose 4*o = 16, -f = -15*o + 18*o - 949. List the prime factors of f.
937
Suppose 15928 - 4862 = 11*n. Suppose -4*d - x + n = 0, -7*d + 5*x + 766 = -4*d. What are the prime factors of d?
2, 3, 7
Suppose -2*p + 24 = -5*b - p, 3*b + 28 = 4*p. List the prime factors of (-3)/b - (-325)/4.
2, 41
Let f be 3*344*(-2)/(-3). Suppose 5*d - f + 128 = 0. What are the prime factors of d?
2, 7
Let r = 108 + -62. Suppose 141 = 5*i - 4*h - 98, i - r = -h. Let m = -21 + i. What are the prime factors of m?
2, 13
Let z = 1451 + -487. List the prime factors of z/16 + (-5)/20.
2, 3, 5
Let f(m) = -2*m**2 + 12*m + 1 + 11*m**2 + 1 - 17*m. Let l be f(3). What are the prime factors of (-4 - -3 - 2) + l?
5, 13
Let n = -105 + 495. List the prime factors of n.
2, 3, 5, 13
Suppose -4*h + 3*h + 2 = 0. Suppose h*s + 9 = -7. Let o(q) = q**3 + 7*q**2 - 10*q - 5. What are the prime factors of o(s)?
11
Let d = -7825 - -11328. What are the prime factors of d?
31, 113
Let w(f) = 31*f**2 - 3*f - 13. Let l(g) = -16*g**2 + g + 7. Let k(h) = -5*l(h) - 2*w(h). List the prime factors of k(-3).
2, 3, 5
Suppose -n + 165 = -188. List the prime factors of n.
353
Suppose 0 = -5*u + 4*o + 139 - 51, 5*u + 4*o - 112 = 0. Let i = -26 + u. Let f(d) = -4*d + 11. List the prime factors of f(i).
5, 7
Let q be 6*(28/(-6) + 13 + -10). Let b(l) = 2*l**2 + 13*l - 16. List the prime factors of b(q).
2, 3
Let u(v) = -v + 20. Let s be u(17). Let j(k) = k**3 + k. Let a(o) = -5*o**3 - 3*o**2 - 3*o + 2. Let w(l) = a(l) + 6*j(l). What are the prime factors of w(s)?
11
What are the prime factors of 44374/(17 + -6) + -8?
2, 3, 11, 61
Let q(m) = -4*m**3 + m**2 + 14*m. What are the prime factors of q(-6)?
2, 3, 17
Let x = -2212 - -3774. List the prime factors of x.
2, 11, 71
Suppose 4*v + w - 71 - 16 = 0, -2*v + 27 = -5*w. List the prime factors of v.
3, 7
Let z(b) be the third derivative of -b**6/120 - b**5/30 - b**4/4 - b**3/3 - 15*b**2. List the prime factors of z(-5).
103
What are the prime factors of (-3)/(-9) + 15350/30?
2
Let j be 1 + (-7)/9 - 16468/(-414). List the prime factors of 7024/j - 4/(-10).
2, 11
Let y(x) = 37*x**2 + 16*x - 21. List the prime factors of y(7).
2, 7, 17
Let i = 30 + 7. What are the prime factors of i - 0 - (-3)/1?
2, 5
List the prime factors of (-14)/(3*7/(-42)).
2, 7
Let d = 10 + -7. Let v(c) = 2*c + 37. Let f be v(10). Suppose -5*s - a = -79, 6*s + 3*a = d*s + f. What are the prime factors of s?
3, 5
Suppose -35*x + 1992 = -27*x. What are the prime factors of x?
3, 83
Let j(f) = 9*f + 146. What are the prime factors of j(7)?
11, 19
Let m = 5524 - 2040. What are the prime factors of m?
2, 13, 67
Let y(a) = -a**2 - 6*a + 45. Let r be y(-9). Suppose -2*u = 2*f - r, 0*f - f = 2*u - 18. What are the prime factors of u?
3
What are the prime factors of (-3)/12 - 14205/(-40)*2?
2, 5, 71
Let y(r) = -r**3 - 25*r**2 - 31*r - 66. Let h be y(-24). Let q = -306 + 455. Let k = q - h. What are the prime factors of k?
47
Let s(f) = f**3 + 9*f**2 + 4*f - 12. Let i be s(-9). Let p = 84 + i. Suppose 0 = -4*b + 4*q + p, 3*q = -3*b + 4*q + 19. What are the prime factors of b?
5
List the prime factors of 1388/(-6)*((-152)/16 + 8).
347
Let t = -12 - -21. Let u(h) be the third derivative of 3*h**4/8 - 10*h**3/3 - 9*h**2. What are the prime factors of u(t)?
61
Let p(l) = -l + 4. Let v be p(-2). List the prime factors of 4/v + 169/3.
3, 19
Let y = 0 - 26. Let x = 36 + y. List the prime factors of x.
2, 5
Suppose 4*y - 2*b - 2